 0 = -p*q + 2 - 6. List the prime factors of (-1 - -2) + 8 + q.
2
Suppose 80 = 42*c - 37*c. What are the prime factors of c?
2
Let r(x) = 2*x - 3. Let u be r(2). Suppose h - 2*l = 4, -h + u = -4*l - l. Let y(o) = 3*o - 8. What are the prime factors of y(h)?
2, 5
Let q be 3*(-1*8 + 3). Let x = 25 - q. What are the prime factors of x?
2, 5
List the prime factors of 65*(-2)/(-50)*5.
13
What are the prime factors of 72/90*(1 + (-423)/(-2))?
2, 5, 17
Suppose 0 = -p + 4*y - 2*y - 2, -2*y = -4. What are the prime factors of ((-63)/(-6))/(p/4)?
3, 7
Suppose 3*p = -f + 5*p + 59, 4*p = 4*f - 236. List the prime factors of f.
59
Let t = -30 - -51. What are the prime factors of t?
3, 7
Suppose -4*p - h = -12, 3*p - 4*p + 2*h + 12 = 0. Let k(s) = s + 1. What are the prime factors of k(p)?
5
Let j be (12/10)/(3/15). Suppose j = 3*l - 3. List the prime factors of l.
3
Let z(g) = -2*g + 3. Let h = -2 - -4. Suppose -18 = 4*f - h*o, 25 = -5*f + 5*o + 5. What are the prime factors of z(f)?
13
List the prime factors of (-9178)/(-39) - 2/6.
5, 47
Let i(b) = 2*b**3 - 2*b**2 + 2*b + 2. What are the prime factors of i(2)?
2, 7
Suppose 0 = 4*l - 115 - 57. Suppose -d - 51 + 2 = -5*i, -3*d + l = 4*i. List the prime factors of i.
2, 5
Suppose 21*b - 308 = 17*b. List the prime factors of b.
7, 11
Suppose -45 = -2*f - f. Let u = 10 + f. What are the prime factors of u?
5
Suppose s + 1 = 16. Suppose -4*q = -q - s. What are the prime factors of q?
5
Let v(i) = i**3 + 15*i**2 + 17*i + 18. Let l be v(-14). List the prime factors of 15/(-1)*l/15.
2, 3
Let o = 46 + -16. What are the prime factors of o?
2, 3, 5
Suppose -c = -8 - 10. Suppose 4*g + 0 = u - 1, 2 = 2*u + g. Suppose -c = -r + u. What are the prime factors of r?
19
List the prime factors of 51/(-2)*16/(-12).
2, 17
Suppose 0 = f + 5*p - 18, 4*p = 18 - 2. Let l = f + 5. Suppose 1 = s - l. What are the prime factors of s?
2
Suppose 0 = -0*t + 2*t. Let c = 2 - t. What are the prime factors of c?
2
Let v = 42 + -12. Let h = 7 + -7. Suppose h*c = -3*c + v. What are the prime factors of c?
2, 5
Let u = 19 - 19. Suppose 5*w - 185 = -u*w. What are the prime factors of w?
37
Let l = -41 + 58. What are the prime factors of l?
17
Let n(v) = -3*v**2 - 7 + 3 + v**2 + 10*v + v**2. List the prime factors of n(7).
17
Let l(g) = -31*g - 2. What are the prime factors of l(-1)?
29
Suppose 5*u = 2*a + 271, -a - 2*a = -4*u + 214. Let d = u + -24. List the prime factors of d.
31
Suppose 2*w + 2*b = 34, -3*w - 2*w + 89 = b. What are the prime factors of w?
2, 3
What are the prime factors of 6/(-18) + -39*39/(-27)?
2, 7
Let l(o) = 73*o - 1. Let x be l(1). Suppose 5*p - x = -2. Let f = p + -10. List the prime factors of f.
2
Let d(l) = -l**3 + 9*l**2 + l - 9. Let o be d(9). Let g = o + -19. Let f = 31 + g. What are the prime factors of f?
2, 3
Let y(g) = g**3 - 3*g**2 - 2*g - 3. Let k be y(3). Let d be 6/k*(-6)/4. Suppose 0 = -2*b + 3 + d. List the prime factors of b.
2
Let s = -404 + 616. What are the prime factors of s?
2, 53
Let x(i) = i**3 + 12*i**2 + 4*i + 4. What are the prime factors of x(-10)?
2, 41
Suppose -5*i - 2*k = -4*k - 15, 0 = -2*i - k - 3. Let c be -2 - ((i - 47) + -1). Suppose 3*f = 3*q - c, 0*f = -5*q - f + 51. List the prime factors of q.
11
Let w(z) = -3*z - 5. Let v = -3 - -5. Suppose x = 4*p + 7, -v*x + 5*p + 3 = -2. What are the prime factors of w(x)?
2, 5
Let k(u) = 17*u - 4. Let t be k(-4). Let w be (1 - (9 - 4)) + 1. List the prime factors of -10*(t/(-15))/w.
2
Let v(f) = -15*f + 6. List the prime factors of v(-5).
3
Suppose -228 = -5*z - 23. Let l = 60 - z. List the prime factors of l.
19
Suppose 0 = -u + 5*u - 12. Suppose 3*f + 4*h = 134, -u*f + 2*f + 45 = h. List the prime factors of f.
2, 23
Let h(m) = m + 2. Let d be h(2). Suppose 5*z + 0*n + d*n - 68 = 0, -5*n = -4*z + 38. Let t = z + -5. What are the prime factors of t?
7
Suppose z - 5*l - 37 = -2*z, -12 = 2*z + 4*l. Suppose -f - 1 = -4*d + z, -4*d = -16. What are the prime factors of f?
11
Suppose 9*j - 4*j = 0. Suppose -2*z = -0*z - 5*c - 95, 2*z + 5*c - 65 = j. List the prime factors of z.
2, 5
Let s be 495/7 + (-6)/(-21). Suppose -3*u = -f - s - 10, 5*f - 127 = -4*u. What are the prime factors of u?
2, 7
Suppose 4 + 1 = y. Suppose 3*k + 18 = y*k. List the prime factors of k.
3
Let s = -5 + 10. What are the prime factors of s?
5
Suppose 3 = 3*w - 3. Suppose 5*f + w*i + 0*i = 50, 10 = -2*i. What are the prime factors of f?
2, 3
Suppose 0 = -6*g + g + 20. Suppose -g*n + n = -114. What are the prime factors of n?
2, 19
Let b(d) = -11*d - 9. Let o(n) = n**2 - 12*n + 7. Let z be o(11). List the prime factors of b(z).
5, 7
Suppose t - 4*t = -99. List the prime factors of t.
3, 11
Let j(b) = 4*b**2 - 3*b + 3. List the prime factors of j(2).
13
Let k(o) = -5*o + 10. Let q be k(-7). Suppose -m - 5*n = -31 - 4, -5*m + n = -q. List the prime factors of m.
2, 5
Let a(p) = p**2 + 1. Let c be a(1). Suppose -3*t = c*t - 65. What are the prime factors of t?
13
Suppose 173 = 2*b - 5*q, -3*b - q = 4*q - 222. List the prime factors of b.
79
Suppose 3*g = -g. Suppose -2*u - 82 = -2*z + 2*u, 5*z - 219 = 3*u. Suppose -5*h + z = -g*h. What are the prime factors of h?
3
Suppose 2*o - 204 = -2*o. List the prime factors of o.
3, 17
Let m(f) = f**3 + 12*f**2 + 11*f + 9. List the prime factors of m(-9).
3, 17
Let y = -2 + 5. Suppose 0 = 5*s - 3*s - 3*a - 79, -y*a = 15. Suppose 3*l + 2*c = c + s, -22 = -3*l + 4*c. List the prime factors of l.
2, 5
What are the prime factors of -5*12/(-8)*2?
3, 5
Let a be ((-25)/2)/(7/(-14)). Suppose -w = -y - y + a, -5*w = 4*y - 29. What are the prime factors of y?
11
Suppose 0 = 4*o + 6 - 26. Let j = -2 + o. Suppose 2*z = j*z - 8. List the prime factors of z.
2
Let k = 1 + 4. Let f(s) = s**3 - 4*s**2 + 4*s - 2. Let p(t) = -t**2 - 1. Let n(i) = k*p(i) - f(i). List the prime factors of n(-2).
3
Suppose -2*t - 4*j + 74 = -134, 5*t - 3*j - 546 = 0. List the prime factors of t.
2, 3
Suppose -5*b = 2*a - 420, 3*b + a - 6*a = 252. Suppose 2*p - h - 59 = 0, 2*h = 5*p - b - 62. List the prime factors of p.
2, 7
Suppose 0 = -4*d - 5*k + 111, 3*d + k - 74 = 1. Suppose -2*j - 12 = -x, -3*j = -0*x + 2*x - d. What are the prime factors of x?
2, 3
Let p = 0 + 27. What are the prime factors of p?
3
Let s = -107 + 166. List the prime factors of s.
59
Let b be 4 + 5 + (-6)/2. Let g be (-4)/(-8) - b/(-4). Suppose -76 = -g*s - 2*s. List the prime factors of s.
19
Let r(t) = 38*t + 1. List the prime factors of r(1).
3, 13
Suppose 0 = 4*w - 16 - 12. Let s = w - -4. What are the prime factors of s?
11
Let l be ((-376)/(-8))/(0 + -1). Let f = -25 - l. List the prime factors of f.
2, 11
Let w(x) = 2*x**2 + x. Let b be w(1). Suppose -5*a + 42 = t, -5*a + 4*t - b*t + 48 = 0. Let n = a - 3. What are the prime factors of n?
2, 3
Suppose -z + 46 = 7. Suppose 4*g + 30 = 3*s - 8, -3*g - z = -4*s. What are the prime factors of s?
2, 3
Suppose 0 = -4*s - 0*s + 32. Let a(b) = -b**3 + 7*b**2 + 13*b - 10. List the prime factors of a(s).
2, 3, 5
Let j(n) = 51*n**2 + 2*n + 1. Let b be j(-1). Let d = b + -35. What are the prime factors of d?
3, 5
Let j(u) be the third derivative of u**4 + u**3/6 + 7*u**2. List the prime factors of j(1).
5
Let g be (3 + -1)/(0 + 1). Suppose g*b - 22 = -4. Let v(p) = p**2 - 9*p + 9. List the prime factors of v(b).
3
Suppose 0 = -2*s + 85 - 13. What are the prime factors of 136/s + (-6)/(-27)?
2
Let v be (2 + -2)*(-1)/(-1). What are the prime factors of (v - -6)/(2/5)?
3, 5
Suppose -515 = -3*a + 37. Suppose z - a = -3*z. List the prime factors of z.
2, 23
Suppose -27 = -6*g + 5*g. List the prime factors of g.
3
Suppose 0 = -5*j - 18 - 12. Let t = j + 29. What are the prime factors of t?
23
What are the prime factors of -2 + 4 + 55 - 4?
53
Let h(f) = -f**2 - 9*f - 10. What are the prime factors of h(-7)?
2
Let h = 25 - -8. Let x = -20 + h. List the prime factors of x.
13
Suppose 0*p - 5*p = -2*k - 1, 2*p + 1 = k. Let u(m) = -m**2 + 7*m - 10. Let c be u(k). Let i(q) = q**3 + 10*q**2 - q + 3. What are the prime factors of i(c)?
13
Let y(l) = 2*l**3 - 4*l**2 - 4*l + 3. List the prime factors of y(4).
3, 17
Suppose 0 = 7*a - 4*a - 12. Suppose -4*u + 2 = d - 79, -a*u = 3*d - 75. What are the prime factors of u?
3, 7
Let z be (-6)/10 + 168/30. List the prime fact